{"id":2520,"date":"2023-11-04T21:16:45","date_gmt":"2023-11-04T20:16:45","guid":{"rendered":"https:\/\/kinballhousse.be\/?page_id=2520"},"modified":"2024-03-12T09:41:57","modified_gmt":"2024-03-12T08:41:57","slug":"politique-de-confidentialite","status":"publish","type":"page","link":"https:\/\/kinballhousse.be\/index.php\/politique-de-confidentialite\/","title":{"rendered":"Politique de confidentialit\u00e9"},"content":{"rendered":"\n<h2 class=\"wp-block-heading\">1. Qui sommes-nous&nbsp;?<\/h2>\n\n\n\n<p>Kin-Ball Housse ASBL<\/p>\n\n\n\n<p>Rue Nicolas Arnolis 15 \u00e0 4670 Blegny<\/p>\n\n\n\n<p>Num\u00e9ro entreprise : BE0628 515 755<\/p>\n\n\n\n<p>Compte : BE25 0689 0242 5682<\/p>\n\n\n\n<p>Site Web&nbsp;: https:\/\/kinballhousse.be.<\/p>\n\n\n\n<p>E-MAIL : Contact@Kinballhouse.be<\/p>\n\n\n\n<h2 class=\"wp-block-heading\">2. Utilisation des cookies<\/h2>\n\n\n\n<h3 class=\"wp-block-heading\">2.1 Un cookie, c\u2019est quoi ?<\/h3>\n\n\n\n<p>Un cookie est un fichier qui est d\u00e9pos\u00e9 par votre navigateur sur votre ordinateur lorsque vous surfez sur Internet. Ce fichier est compos\u00e9 uniquement de texte. Il est donc totalement inoffensif. Ce fichier est g\u00e9n\u00e9r\u00e9 par le serveur du site que vous consultez et il est envoy\u00e9 \u00e0 votre navigateur Internet. C\u2019est le navigateur qui va enregistrer le fichier sur votre disque dur. En effet, le serveur n\u2019a pas un acc\u00e8s direct \u00e0 votre ordinateur. La grande majorit\u00e9 des sites utilisent des cookies pour bien fonctionner et optimiser leur ergonomie et leurs fonctionnalit\u00e9s.<\/p>\n\n\n\n<h3 class=\"wp-block-heading\">2.2 Dans quel but les utilisons-nous ?<\/h3>\n\n\n\n<p>Des cookies sont activ\u00e9s durant votre visite sur notre site. Ces cookies sont activ\u00e9s par d\u00e9faut et nous vous rappelons une nouvelle fois qu\u2019ils ne g\u00e9n\u00e8rent pas de risque de s\u00e9curit\u00e9 pour votre ordinateur, tablette ou smartphone. Leur pr\u00e9sence permet de :<\/p>\n\n\n\n<p>Comprendre le comportement des visiteurs sur les pages.<br>Mesurer le nombre de visites, le nombre de pages vues ainsi que l\u2019activit\u00e9 des visiteurs sur le site et leur fr\u00e9quence de retour en vue d\u2019adapter le site aux demandes de ses visiteurs.<\/p>\n\n\n\n<h3 class=\"wp-block-heading\">2.3 Comment les d\u00e9sactiver ?<\/h3>\n\n\n\n<p>Vous pouvez consulter ces diff\u00e9rents cookies, prendre connaissance de leur utilit\u00e9 et les d\u00e9sactiver en cliquant sur l\u2019onglet \u201cConfidentialit\u00e9\u201d en bas \u00e0 gauche de la page et en allant sur \u201cParam\u00e9trer les cookies\u201d.<\/p>\n\n\n\n<p>D\u2019un point de vue plus g\u00e9n\u00e9ral, il est int\u00e9ressant que vous sachiez qu\u2019il vous est \u00e9galement possible de configurer votre navigateur pour vous informer lors de la cr\u00e9ation de nouveaux cookies et \u00e9ventuellement emp\u00eacher leur mise en place. Vous trouverez ci-dessous les marches \u00e0 suivre :<\/p>\n\n\n\n<ul class=\"wp-block-list\">\n<li>Chrome :&nbsp;<a href=\"http:\/\/support.google.com\/chrome\/bin\/answer.py?hl=fr&amp;answer=95647\">http:\/\/support.google.com\/chrome\/bin\/answer.py?hl=fr&amp;answer=95647<\/a><\/li>\n\n\n\n<li>Firefox :&nbsp;<a href=\"http:\/\/support.mozilla.org\/fr\/kb\/activer-desactiver-cookies\">http:\/\/support.mozilla.org\/fr\/kb\/activer-desactiver-cookies<\/a><\/li>\n\n\n\n<li>Safari :&nbsp;<a href=\"https:\/\/support.apple.com\/fr-be\/guide\/safari\/sfri11471\/mac\">https:\/\/support.apple.com\/fr-be\/guide\/safari\/sfri11471\/mac<\/a><\/li>\n\n\n\n<li>Internet Explorer :&nbsp;<a href=\"https:\/\/support.microsoft.com\/fr-fr\/help\/17442\/windows-internet-explorer-delete-manage-cookies\">https:\/\/support.microsoft.com\/fr-fr\/help\/17442\/windows-internet-explorer-delete-manage-cookies<\/a><\/li>\n<\/ul>\n\n\n\n<p><br>Il est important de pr\u00e9ciser que l\u2019acc\u00e8s \u00e0 notre site ne vous sera pas refuser si vous d\u00e9cider d\u00e9cider de les d\u00e9sactiver.<\/p>\n\n\n\n<h2 class=\"wp-block-heading\">3. Contenu embarqu\u00e9 depuis d\u2019autres sites<\/h2>\n\n\n\n<p>Les articles de ce site peuvent inclure des contenus int\u00e9gr\u00e9s (par exemple des vid\u00e9os, images, articles\u2026). Le contenu int\u00e9gr\u00e9 depuis d\u2019autres sites se comporte de la m\u00eame mani\u00e8re que si le visiteur se rendait sur cet autre site.<\/p>\n\n\n\n<p>Ces sites web pourraient collecter des donn\u00e9es sur vous, utiliser des cookies, embarquer des outils de suivis tiers, suivre vos interactions avec ces contenus embarqu\u00e9s si vous disposez d\u2019un compte connect\u00e9 sur leur site web.<\/p>\n\n\n\n<h2 class=\"wp-block-heading\">4. Protection des donn\u00e9es<\/h2>\n\n\n\n<p>Conform\u00e9ment \u00e0 la loi du 6 janvier 1978, relative \u00e0 l\u2019informatique, aux fichiers et aux libert\u00e9s, vous disposez d\u2019un droit d\u2019acc\u00e8s, de modification, de rectification ou de suppression des donn\u00e9es qui vous concernent.<\/p>\n\n\n\n<p>Conform\u00e9ment \u00e0 la General Data Protection Regulation (GDPR) du 25 mai 2018, la r\u00e9colte de vos informations reste \u00e0 titre indicatif et sont trait\u00e9es afin d\u2019am\u00e9liorer votre exp\u00e9rience utilisateur. Vos donn\u00e9es ne seront ni diffus\u00e9es, ni \u00e9chang\u00e9es.<\/p>\n\n\n\n<p>Vous pouvez exercer votre droit d\u2019acc\u00e8s aux informations qui vous concernent en nous contactant \u00e0 l\u2019adresse suivante : <a href=\"mailto:dpo@kinballhousse.be\" title=\"\">dpo@kinballhousse.be<\/a>.<\/p>\n\n\n\n<h3 class=\"wp-block-heading\">4.1 Quelles sont les donn\u00e9es recueillies ?<\/h3>\n\n\n\n<p>Les donn\u00e9es recueillies via notre formulaire de contact ne nous servent qu\u2019\u00e0 avoir les informations n\u00e9cessaires pour r\u00e9pondre du mieux possible \u00e0 votre demande. Les seules donn\u00e9es que nous pouvons obtenir sont :<\/p>\n\n\n\n<ul class=\"wp-block-list\">\n<li>Votre nom &amp; pr\u00e9nom<\/li>\n\n\n\n<li>Votre adresse mail<\/li>\n\n\n\n<li>Des informations relatives \u00e0 votre demande<\/li>\n<\/ul>\n\n\n\n<p><br>Si vous souhaitez vous inscrire \u00e0 la Kin-Ball\u00ae By Night, les donn\u00e9es suppl\u00e9mentaires que nous somme susceptibles d\u2019avoir sont :<\/p>\n\n\n\n<ul class=\"wp-block-list\">\n<li>Votre n\u00b0 de t\u00e9l\u00e9phone<\/li>\n\n\n\n<li>Votre date de naissance<\/li>\n\n\n\n<li>Votre club sportif<\/li>\n\n\n\n<li>La taille de votre t-shirt<\/li>\n<\/ul>\n\n\n\n<h3 class=\"wp-block-heading\"><br>4.2 Comment sont-elles prot\u00e9g\u00e9es ?<\/h3>\n\n\n\n<p>Notre site a \u00e9t\u00e9 d\u00e9velopp\u00e9 via WordPress. WordPress et les diff\u00e9rentes extensions que nous utilisons sont r\u00e9guli\u00e8rement mis \u00e0 jour afin d\u2019\u00e9viter au maximum une faille de s\u00e9curit\u00e9.<\/p>\n\n\n\n<p>Nous utilisons \u00e9galement des plugins de s\u00e9curit\u00e9 pour emp\u00eacher le plus possible toute connexion non autoris\u00e9e \u00e0 notre site web.<\/p>\n\n\n\n<h2 class=\"wp-block-heading\">5. Dur\u00e9es de stockage de vos donn\u00e9es<\/h2>\n\n\n\n<p>Si vous nous envoyez une demande via notre site Web, la demande sera conserv\u00e9s ind\u00e9finiment. <\/p>\n","protected":false},"excerpt":{"rendered":"<p>1. Qui sommes-nous&nbsp;? Kin-Ball Housse ASBL Rue Nicolas Arnolis 15 \u00e0 4670 Blegny Num\u00e9ro entreprise : BE0628 515 755 Compte : BE25 0689 0242 5682 Site Web&nbsp;: https:\/\/kinballhousse.be. E-MAIL : Contact@Kinballhouse.be 2. Utilisation des cookies 2.1 Un cookie, c\u2019est quoi ? Un cookie est un fichier qui est d\u00e9pos\u00e9 par votre navigateur sur votre ordinateur<a class=\"moretag\" href=\"https:\/\/kinballhousse.be\/index.php\/politique-de-confidentialite\/\"><span class=\"screen-reader-text\">En savoir plus surPolitique de confidentialit\u00e9<\/span>[&#8230;]<\/a><\/p>\n","protected":false},"author":4,"featured_media":0,"parent":0,"menu_order":0,"comment_status":"closed","ping_status":"closed","template":"","meta":{"om_disable_all_campaigns":false,"_monsterinsights_skip_tracking":false,"_monsterinsights_sitenote_active":false,"_monsterinsights_sitenote_note":"","_monsterinsights_sitenote_category":0,"_uf_show_specific_survey":0,"_uf_disable_surveys":false,"footnotes":""},"class_list":["post-2520","page","type-page","status-publish","hentry"],"aioseo_notices":[],"_links":{"self":[{"href":"https:\/\/kinballhousse.be\/index.php\/wp-json\/wp\/v2\/pages\/2520","targetHints":{"allow":["GET"]}}],"collection":[{"href":"https:\/\/kinballhousse.be\/index.php\/wp-json\/wp\/v2\/pages"}],"about":[{"href":"https:\/\/kinballhousse.be\/index.php\/wp-json\/wp\/v2\/types\/page"}],"author":[{"embeddable":true,"href":"https:\/\/kinballhousse.be\/index.php\/wp-json\/wp\/v2\/users\/4"}],"replies":[{"embeddable":true,"href":"https:\/\/kinballhousse.be\/index.php\/wp-json\/wp\/v2\/comments?post=2520"}],"version-history":[{"count":5,"href":"https:\/\/kinballhousse.be\/index.php\/wp-json\/wp\/v2\/pages\/2520\/revisions"}],"predecessor-version":[{"id":2833,"href":"https:\/\/kinballhousse.be\/index.php\/wp-json\/wp\/v2\/pages\/2520\/revisions\/2833"}],"wp:attachment":[{"href":"https:\/\/kinballhousse.be\/index.php\/wp-json\/wp\/v2\/media?parent=2520"}],"curies":[{"name":"wp","href":"https:\/\/api.w.org\/{rel}","templated":true}]}}